rs of 627599?
7, 89657
What are the prime factors of 7427282?
2, 421, 8821
What are the prime factors of 14190315?
3, 5, 946021
What are the prime factors of 545736?
2, 3, 22739
What are the prime factors of 5665414?
2, 83, 34129
List the prime factors of 3805564.
2, 7, 135913
List the prime factors of 318716.
2, 17, 43, 109
List the prime factors of 2457164.
2, 614291
List the prime factors of 6589187.
11, 151, 3967
What are the prime factors of 449250?
2, 3, 5, 599
What are the prime factors of 545568?
2, 3, 5683
List the prime factors of 12426398.
2, 43, 131, 1103
List the prime factors of 906680.
2, 5, 19, 1193
List the prime factors of 1912722.
2, 3, 7, 45541
List the prime factors of 1953716.
2, 109, 4481
List the prime factors of 84636.
2, 3, 2351
What are the prime factors of 318922?
2, 181, 881
List the prime factors of 585750.
2, 3, 5, 11, 71
What are the prime factors of 1696050?
2, 3, 5, 3769
What are the prime factors of 1096106?
2, 11, 49823
What are the prime factors of 8414387?
8414387
List the prime factors of 611116.
2, 11, 17, 19, 43
List the prime factors of 18247308.
2, 3, 43, 35363
List the prime factors of 2546095.
5, 19, 26801
What are the prime factors of 4724556?
2, 3, 393713
What are the prime factors of 10692483?
3, 521, 6841
What are the prime factors of 21173738?
2, 17, 79, 7883
What are the prime factors of 1048335?
3, 5, 47, 1487
List the prime factors of 7776046.
2, 3888023
List the prime factors of 3862609.
3862609
List the prime factors of 3634190.
2, 5, 7, 193, 269
What are the prime factors of 6842219?
6842219
What are the prime factors of 5297700?
2, 3, 5, 17659
What are the prime factors of 603524?
2, 150881
What are the prime factors of 401070?
2, 3, 5, 29, 461
What are the prime factors of 790740?
2, 3, 5, 23, 191
List the prime factors of 2201810.
2, 5, 13, 16937
What are the prime factors of 533663?
13, 41051
What are the prime factors of 9677889?
3, 13, 181, 457
What are the prime factors of 17322224?
2, 19, 2999
List the prime factors of 15996404.
2, 19, 109, 1931
List the prime factors of 492854.
2, 83, 2969
What are the prime factors of 5500087?
37, 43, 3457
List the prime factors of 1159642.
2, 11, 52711
What are the prime factors of 1023581?
13, 78737
What are the prime factors of 9758624?
2, 23, 13259
List the prime factors of 37982873.
1453, 26141
List the prime factors of 637384.
2, 11, 7243
List the prime factors of 37866469.
31, 1221499
List the prime factors of 3449991.
3, 37, 31081
List the prime factors of 2149368.
2, 3, 13, 83
What are the prime factors of 2137482?
2, 3, 23, 1721
What are the prime factors of 2105308?
2, 163, 3229
What are the prime factors of 5757572?
2, 1439393
List the prime factors of 365121.
3, 13523
What are the prime factors of 16789377?
3, 11, 41, 12409
List the prime factors of 2423281.
7, 103, 3361
What are the prime factors of 2007527?
2007527
List the prime factors of 27527685.
3, 5, 131, 14009
What are the prime factors of 88673?
13, 19, 359
List the prime factors of 257489.
257489
What are the prime factors of 117281?
117281
List the prime factors of 8535374.
2, 137, 31151
What are the prime factors of 22765994?
2, 11382997
List the prime factors of 109944.
2, 3, 509
List the prime factors of 6125146.
2, 109, 28097
List the prime factors of 400247.
400247
List the prime factors of 33701855.
5, 11, 317, 1933
List the prime factors of 251787.
3, 17, 4937
What are the prime factors of 5804618?
2, 2902309
List the prime factors of 1039486.
2, 7, 10607
What are the prime factors of 4803458?
2, 11, 23, 863
List the prime factors of 1365371.
7, 195053
List the prime factors of 5635999.
5635999
List the prime factors of 3247818.
2, 3, 7, 11047
What are the prime factors of 1021881?
3, 7, 48661
List the prime factors of 4625782.
2, 7, 330413
List the prime factors of 77855.
5, 23, 677
What are the prime factors of 3827103?
3, 7, 182243
List the prime factors of 28708546.
2, 17, 844369
List the prime factors of 583398.
2, 3, 32411
List the prime factors of 2716076.
2, 11, 61729
What are the prime factors of 1914985?
5, 449, 853
What are the prime factors of 862651?
862651
List the prime factors of 46255.
5, 11, 29
What are the prime factors of 57120?
2, 3, 5, 7, 17
List the prime factors of 897232.
2, 7, 8011
List the prime factors of 560378.
2, 7, 13, 3079
What are the prime factors of 1776428?
2, 23, 19309
List the prime factors of 741843.
3, 139, 593
What are the prime factors of 1019725?
5, 7, 5827
List the prime factors of 131766.
2, 3, 21961
What are the prime factors of 727280?
2, 5, 9091
List the prime factors of 1628996.
2, 407249
What are the prime factors of 3101454?
2, 3, 53, 3251
List the prime factors of 4089519.
3, 7, 139, 467
What are the prime factors of 172992?
2, 3, 17, 53
What are the prime factors of 311596?
2, 77899
List the prime factors of 128689.
11, 11699
What are the prime factors of 396182?
2, 198091
List the prime factors of 994436.
2, 248609
List the prime factors of 9345949.
911, 10259
List the prime factors of 2582112.
2, 3, 13, 2069
List the prime factors of 3405517.
37, 92041
List the prime factors of 630914.
2, 19, 16603
List the prime factors of 456025.
5, 17, 29, 37
List the prime factors of 20095133.
20095133
List the prime factors of 98605.
5, 13, 37, 41
List the prime factors of 25759432.
2, 3219929
List the prime factors of 54073.
23, 2351
What are the prime factors of 900299?
61, 14759
List the prime factors of 10205901.
3, 1133989
What are the prime factors of 814692?
2, 3, 67891
List the prime factors of 651733.
651733
What are the prime factors of 269958?
2, 3, 13, 3461
List the prime factors of 617838.
2, 3, 13, 89
List the prime factors of 2288407.
11, 208037
List the prime factors of 28181.
28181
What are the prime factors of 673332?
2, 3, 11, 5101
List the prime factors of 264165.
3, 5, 11, 1601
What are the prime factors of 185473?
31, 193
List the prime factors of 9858842.
2, 7, 773, 911
What are the prime factors of 22889938?
2, 11444969
List the prime factors of 4818709.
7, 43, 2287
What are the prime factors of 2619718?
2, 59, 149
List the prime factors of 6494208.
2, 3, 7, 151
What are the prime factors of 113001?
3, 7, 5381
List the prime factors of 8535519.
3, 948391
List the prime factors of 20851940.
2, 5, 1042597
What are the prime factors of 2368835?
5, 7, 53, 1277
What are the prime factors of 6046807?
13, 19, 24481
What are the prime factors of 8210?
2, 5, 821
What are the prime factors of 7735074?
2, 3, 1289179
What are the prime factors of 453764?
2, 17, 6673
List the prime factors of 289690.
2, 5, 59, 491
List the prime factors of 79530.
2, 3, 5, 11, 241
What are the prime factors of 191880?
2, 3, 5, 13, 41
What are the prime factors of 307163?
307163
What are the prime factors of 12801298?
2, 1021, 6269
What are the prime factors of 135363?
3, 45121
What are the prime factors of 1291256?
2, 161407
What are the prime factors of 297221?
29, 37, 277
What are the prime factors of 1079368?
2, 134921
List the prime factors of 3866.
2, 1933
What are the prime factors of 8487690?
2, 3, 5, 23, 12301
What are the prime factors of 4541471?
11, 181, 2281
List the prime factors of 9340141.
601, 15541
List the prime factors of 16836.
2, 3, 23, 61
What are the prime factors of 949110?
2, 3, 5, 17, 1861
What are the prime factors of 553600?
2, 5, 173
What are the prime factors of 4965891?
3, 7, 236471
List the prime factors of 4416471.
3, 163573
List the prime factors of 31250969.
31250969
What are the prime factors of 1125436?
2, 13, 23, 941
List the prime factors of 18412359.
3, 7, 53, 71, 233
List the prime factors of 449441.
449441
List the prime factors of 123488.
2, 17, 227
List the prime factors of 10051519.
41, 61, 4019
List the prime factors of 2063381.
19, 131, 829
List the prime factors of 1105978.
2, 23, 24043
List the prime factors of 9902207.
7, 877, 1613
What are the prime factors of 60742?
2, 11, 251
What are the prime factors of 1828436?
2, 41, 11149
List the prime factors of 2190597.
3, 730199
What are the prime factors of 154328?
2, 101, 191
What are the prime factors of 264457?
373, 709
List the prime factors of 19113817.
59, 131, 2473
What are the prime factors of 5916843?
3, 43, 15289
List